{"id":30,"date":"2009-05-22T13:27:40","date_gmt":"2009-05-22T11:27:40","guid":{"rendered":"http:\/\/www.boztrom.com\/wordpress\/?page_id=30"},"modified":"2009-05-22T13:27:40","modified_gmt":"2009-05-22T11:27:40","slug":"se-gpn","status":"publish","type":"page","link":"https:\/\/www.boztrom.com\/wordpress\/?page_id=30","title":{"rendered":"SE-GPN"},"content":{"rendered":"<p><img loading=\"lazy\" decoding=\"async\" class=\"alignright\" title=\"SE-GPN\" src=\"http:\/\/www.sasflygklubb.com\/Bilder%20p%20vra%20flygplan\/SE-GPN.jpg\" alt=\"\" width=\"239\" height=\"179\" \/><strong>SE-GPN<\/strong><\/p>\n<p>Luftfartygstyp: <span id=\"FrameworkSelector_defaultmode_Content1_Type\">PIPER PA-28-161<\/span><br \/>\nTillverkningsnr: <span id=\"FrameworkSelector_defaultmode_Content1_BuildNr\">28-7716051<\/span><br \/>\nTillverknings\u00e5r: <span id=\"FrameworkSelector_defaultmode_Content1_BuildYear\">1977<\/span><br \/>\nMax startvikt: <span id=\"FrameworkSelector_defaultmode_Content1_MaxWeight\">1055 kg<\/span><br \/>\nUtrustning: COM1, COM2, NAV1, NAV2, DME, ILS, VOR, ADF, Autopilot.<br \/>\nUttag f\u00f6r Intercom \u00e4ven i baksits<\/p>\n<p>I klubbens \u00e4go sedan 1987-05-20<\/p>\n","protected":false},"excerpt":{"rendered":"<p>SE-GPN Luftfartygstyp: PIPER PA-28-161 Tillverkningsnr: 28-7716051 Tillverknings\u00e5r: 1977 Max startvikt: 1055 kg Utrustning: COM1, COM2, NAV1, NAV2, DME, ILS, VOR, ADF, Autopilot. Uttag f\u00f6r Intercom \u00e4ven i baksits I klubbens \u00e4go sedan 1987-05-20<\/p>\n","protected":false},"author":2,"featured_media":0,"parent":13,"menu_order":2,"comment_status":"closed","ping_status":"closed","template":"","meta":{"ngg_post_thumbnail":0,"jetpack_post_was_ever_published":false,"footnotes":""},"class_list":["post-30","page","type-page","status-publish","hentry"],"jetpack_sharing_enabled":true,"jetpack_shortlink":"https:\/\/wp.me\/PAO8I-u","jetpack_likes_enabled":true,"_links":{"self":[{"href":"https:\/\/www.boztrom.com\/wordpress\/index.php?rest_route=\/wp\/v2\/pages\/30","targetHints":{"allow":["GET"]}}],"collection":[{"href":"https:\/\/www.boztrom.com\/wordpress\/index.php?rest_route=\/wp\/v2\/pages"}],"about":[{"href":"https:\/\/www.boztrom.com\/wordpress\/index.php?rest_route=\/wp\/v2\/types\/page"}],"author":[{"embeddable":true,"href":"https:\/\/www.boztrom.com\/wordpress\/index.php?rest_route=\/wp\/v2\/users\/2"}],"replies":[{"embeddable":true,"href":"https:\/\/www.boztrom.com\/wordpress\/index.php?rest_route=%2Fwp%2Fv2%2Fcomments&post=30"}],"version-history":[{"count":3,"href":"https:\/\/www.boztrom.com\/wordpress\/index.php?rest_route=\/wp\/v2\/pages\/30\/revisions"}],"predecessor-version":[{"id":45,"href":"https:\/\/www.boztrom.com\/wordpress\/index.php?rest_route=\/wp\/v2\/pages\/30\/revisions\/45"}],"up":[{"embeddable":true,"href":"https:\/\/www.boztrom.com\/wordpress\/index.php?rest_route=\/wp\/v2\/pages\/13"}],"wp:attachment":[{"href":"https:\/\/www.boztrom.com\/wordpress\/index.php?rest_route=%2Fwp%2Fv2%2Fmedia&parent=30"}],"curies":[{"name":"wp","href":"https:\/\/api.w.org\/{rel}","templated":true}]}}